{"id":18,"date":"2021-07-29T16:22:39","date_gmt":"2021-07-29T16:22:39","guid":{"rendered":"https:\/\/lfmtest.red-apple.it?page_id=18"},"modified":"2021-10-09T13:29:23","modified_gmt":"2021-10-09T13:29:23","slug":"servizi-conto-terzi","status":"publish","type":"page","link":"https:\/\/lfm.it\/eng\/servizi-conto-terzi\/","title":{"rendered":"THIRD-PARTY SERVICES"},"content":{"rendered":"<p>[et_pb_section fb_built=&#8221;1&#8243; _builder_version=&#8221;4.9.11&#8243; _module_preset=&#8221;default&#8221; custom_padding=&#8221;0px||0px||true|false&#8221; global_colors_info=&#8221;{}&#8221;][et_pb_row _builder_version=&#8221;4.9.11&#8243; _module_preset=&#8221;default&#8221; width=&#8221;100%&#8221; max_width=&#8221;100%&#8221; custom_padding=&#8221;0px||0px||true|false&#8221; global_colors_info=&#8221;{}&#8221;][et_pb_column type=&#8221;4_4&#8243; _builder_version=&#8221;4.9.11&#8243; _module_preset=&#8221;default&#8221; global_colors_info=&#8221;{}&#8221;][et_pb_slider show_pagination=&#8221;off&#8221; arrows_custom_color=&#8221;#005882&#8243; dot_nav_custom_color=&#8221;#005882&#8243; _builder_version=&#8221;4.11.1&#8243; _module_preset=&#8221;default&#8221; header_font=&#8221;Lato|700|||||||&#8221; header_text_align=&#8221;left&#8221; header_text_color=&#8221;#005882&#8243; header_font_size=&#8221;55px&#8221; body_font=&#8221;Lato||||||||&#8221; body_text_align=&#8221;left&#8221; body_text_color=&#8221;#005882&#8243; body_font_size=&#8221;24px&#8221; custom_padding=&#8221;135px||||false|false&#8221; custom_padding_tablet=&#8221;100px||130px||false|false&#8221; custom_padding_phone=&#8221;&#8221; custom_padding_last_edited=&#8221;on|phone&#8221; auto=&#8221;on&#8221; hover_enabled=&#8221;0&#8243; header_font_size_tablet=&#8221;48px&#8221; header_font_size_phone=&#8221;32px&#8221; header_font_size_last_edited=&#8221;on|phone&#8221; global_colors_info=&#8221;{}&#8221; sticky_enabled=&#8221;0&#8243; body_font_size_last_edited=&#8221;on|phone&#8221; body_font_size_phone=&#8221;18px&#8221;][et_pb_slide heading=&#8221;Servizi&#8221; _builder_version=&#8221;4.11.1&#8243; _module_preset=&#8221;default&#8221; header_font=&#8221;Lato||||||||&#8221; background_enable_color=&#8221;off&#8221; background_image=&#8221;https:\/\/lfm.it\/wp-content\/uploads\/2021\/08\/servizi.jpg&#8221; background_enable_image=&#8221;on&#8221; custom_padding=&#8221;||||false|false&#8221; hover_enabled=&#8221;0&#8243; background_last_edited=&#8221;off|desktop&#8221; background_size_tablet=&#8221;cover&#8221; global_colors_info=&#8221;{}&#8221; sticky_transition=&#8221;on&#8221; sticky_enabled=&#8221;0&#8243;]<\/p>\n<p>Laboratorio Farmacologico Milanese<\/p>\n<p>[\/et_pb_slide][et_pb_slide heading=&#8221;Servizi&#8221; _builder_version=&#8221;4.11.1&#8243; _module_preset=&#8221;default&#8221; header_font=&#8221;Lato||||||||&#8221; background_enable_color=&#8221;off&#8221; background_image=&#8221;https:\/\/lfm.it\/wp-content\/uploads\/2021\/08\/servizi.jpg&#8221; background_enable_image=&#8221;on&#8221; custom_padding=&#8221;||||false|false&#8221; hover_enabled=&#8221;0&#8243; background_last_edited=&#8221;off|desktop&#8221; background_size_tablet=&#8221;cover&#8221; global_colors_info=&#8221;{}&#8221; sticky_transition=&#8221;on&#8221; sticky_enabled=&#8221;0&#8243;]<\/p>\n<p>Laboratorio Farmacologico Milanese<\/p>\n<p>[\/et_pb_slide][\/et_pb_slider][\/et_pb_column][\/et_pb_row][\/et_pb_section][et_pb_section fb_built=&#8221;1&#8243; _builder_version=&#8221;4.6.5&#8243; _module_preset=&#8221;default&#8221; background_enable_color=&#8221;off&#8221; custom_padding=&#8221;7%||7%||false|false&#8221; top_divider_style=&#8221;mountains&#8221; top_divider_color=&#8221;#ffffff&#8221; top_divider_style_tablet=&#8221;&#8221; top_divider_style_phone=&#8221;none&#8221; top_divider_style_last_edited=&#8221;on|phone&#8221; global_colors_info=&#8221;{}&#8221;][et_pb_row _builder_version=&#8221;4.6.5&#8243; _module_preset=&#8221;default&#8221; width=&#8221;85%&#8221; max_width=&#8221;85%&#8221; global_colors_info=&#8221;{}&#8221;][et_pb_column type=&#8221;4_4&#8243; _builder_version=&#8221;4.6.5&#8243; _module_preset=&#8221;default&#8221; global_colors_info=&#8221;{}&#8221;][et_pb_text _builder_version=&#8221;4.6.5&#8243; _module_preset=&#8221;default&#8221; text_font=&#8221;Lato||||||||&#8221; text_text_color=&#8221;#ffffff&#8221; text_font_size=&#8221;20px&#8221; header_font=&#8221;Lato|700|||||||&#8221; header_text_color=&#8221;#ffffff&#8221; header_font_size=&#8221;45px&#8221; header_2_font=&#8221;Lato|700|||||||&#8221; header_2_text_color=&#8221;#005882&#8243; header_2_font_size=&#8221;35px&#8221; header_text_shadow_style=&#8221;preset3&#8243; header_text_shadow_color=&#8221;rgba(0,88,130,0.68)&#8221; global_colors_info=&#8221;{}&#8221;]<\/p>\n<h2><span>Servizi conto terzi.<\/span><\/h2>\n<p>[\/et_pb_text][\/et_pb_column][\/et_pb_row][et_pb_row column_structure=&#8221;1_2,1_2&#8243; _builder_version=&#8221;4.6.5&#8243; _module_preset=&#8221;default&#8221; width=&#8221;85%&#8221; max_width=&#8221;85%&#8221; custom_padding=&#8221;0px||||false|false&#8221; global_colors_info=&#8221;{}&#8221;][et_pb_column type=&#8221;1_2&#8243; _builder_version=&#8221;4.6.5&#8243; _module_preset=&#8221;default&#8221; global_colors_info=&#8221;{}&#8221;][et_pb_text ul_type=&#8221;square&#8221; _builder_version=&#8221;4.6.5&#8243; _module_preset=&#8221;default&#8221; text_font=&#8221;Lato||||||||&#8221; text_text_color=&#8221;#00334b&#8221; text_font_size=&#8221;16px&#8221; ul_font=&#8221;||||||||&#8221; text_orientation=&#8221;justified&#8221; global_colors_info=&#8221;{}&#8221;]<\/p>\n<p>LFM sviluppa e produce per conto terzi farmaci, prodotti cosmetici e M.D.<\/p>\n<p>Nello specifico <strong>si occupa di<\/strong>:<\/p>\n<ul>\n<li>Caratterizzazione principio attivo<\/li>\n<li>Preparazione pilot batches<\/li>\n<li>Preparazione scale-up batches<\/li>\n<li>Sviluppo analitico<\/li>\n<li>Convalida metodiche analitiche<\/li>\n<li>Convalida metodica di fabbricazione<\/li>\n<li>Studi di stabilit\u00e0 in accordo con standard\u00a0ICH<\/li>\n<li>Redazione dossier CTD parte 3 \u2013 notifica al Ministero<\/li>\n<\/ul>\n<p>LFM offre ad altre aziende le proprie\u00a0strutture e la professionalit\u00e0 del suo\u00a0personale per un\u2019attivit\u00e0 di terzismo, in conformit\u00e0 con i pi\u00f9 elevati standard qualitativi internazionali.<\/p>\n<p>[\/et_pb_text][\/et_pb_column][et_pb_column type=&#8221;1_2&#8243; _builder_version=&#8221;4.6.5&#8243; _module_preset=&#8221;default&#8221; global_colors_info=&#8221;{}&#8221;][et_pb_text ul_type=&#8221;square&#8221; _builder_version=&#8221;4.6.5&#8243; _module_preset=&#8221;default&#8221; text_font=&#8221;Lato||||||||&#8221; text_text_color=&#8221;#00334b&#8221; text_font_size=&#8221;16px&#8221; text_orientation=&#8221;justified&#8221; global_colors_info=&#8221;{}&#8221;]<\/p>\n<p>Per lo sviluppo farmaceutico vi possiamo seguire in tutto quello che concerne il<span>\u00a0<\/span><strong>MODULO 3 e 2.3<\/strong><span>\u00a0<\/span>del<span>\u00a0<\/span><strong>dossier registrativo<\/strong><span>\u00a0<\/span>nel formato C.T.D. (Common Technical Document), dalle validazioni di produzione alle stabilit\u00e0, per tutte le forme che siamo autorizzati a produrre: solidi orali, fiale in asepsi, soluzioni, secondo quanto meglio specificato nei decreti allegati.<\/p>\n<p>Per il dietetico possiamo supportare il cliente nella formulazione e produzione di compresse e nel loro confezionamento. Siamo specializzati nella produzione di compresse di aspartame e dolcificanti analoghi per caratteristiche e nella loro confezione in erogatori da 50 a 500 compresse.<\/p>\n<p>Siamo convinti che il confronto tra la nostra esperienza produttiva su Galenico, Etico e Dietetico e le vostre necessit\u00e0 produttive arricchisca entrambi con reciproca soddisfazione.<\/p>\n<p>[\/et_pb_text][\/et_pb_column][\/et_pb_row][\/et_pb_section][et_pb_section fb_built=&#8221;1&#8243; _builder_version=&#8221;4.9.11&#8243; _module_preset=&#8221;default&#8221; background_color=&#8221;#efefef&#8221; custom_padding=&#8221;7%||7%||true|false&#8221; top_divider_color=&#8221;#ffffff&#8221; top_divider_flip=&#8221;horizontal&#8221; top_divider_style_phone=&#8221;none&#8221; top_divider_style_last_edited=&#8221;off|desktop&#8221; global_colors_info=&#8221;{}&#8221;][et_pb_row _builder_version=&#8221;4.6.5&#8243; _module_preset=&#8221;default&#8221; width=&#8221;85%&#8221; max_width=&#8221;85%&#8221; global_colors_info=&#8221;{}&#8221;][et_pb_column type=&#8221;4_4&#8243; _builder_version=&#8221;4.6.5&#8243; _module_preset=&#8221;default&#8221; global_colors_info=&#8221;{}&#8221;][et_pb_text _builder_version=&#8221;4.6.5&#8243; _module_preset=&#8221;default&#8221; text_font=&#8221;Lato||||||||&#8221; text_text_color=&#8221;#ffffff&#8221; text_font_size=&#8221;20px&#8221; header_font=&#8221;Lato|700|||||||&#8221; header_text_color=&#8221;#ffffff&#8221; header_font_size=&#8221;45px&#8221; header_2_font=&#8221;Lato|700|||||||&#8221; header_2_text_color=&#8221;#005882&#8243; header_2_font_size=&#8221;35px&#8221; header_text_shadow_style=&#8221;preset3&#8243; header_text_shadow_color=&#8221;rgba(0,88,130,0.68)&#8221; global_colors_info=&#8221;{}&#8221;]<\/p>\n<h2><span>Ampia esperienza di produzione.<\/span><\/h2>\n<p>[\/et_pb_text][et_pb_text ul_type=&#8221;square&#8221; _builder_version=&#8221;4.6.5&#8243; _module_preset=&#8221;default&#8221; text_font=&#8221;Lato||||||||&#8221; text_text_color=&#8221;#00334b&#8221; text_font_size=&#8221;16px&#8221; text_orientation=&#8221;justified&#8221; width=&#8221;50%&#8221; width_tablet=&#8221;100%&#8221; width_phone=&#8221;100%&#8221; width_last_edited=&#8221;on|phone&#8221; global_colors_info=&#8221;{}&#8221;]<\/p>\n<p><span>LFM offre ad altre aziende le proprie\u00a0strutture e la professionalit\u00e0 del suo\u00a0personale per un\u2019attivit\u00e0 di terzismo, in conformit\u00e0 con i pi\u00f9 elevati standard qualitativi internazionali.<\/span><\/p>\n<p>[\/et_pb_text][\/et_pb_column][\/et_pb_row][et_pb_row column_structure=&#8221;1_3,1_3,1_3&#8243; _builder_version=&#8221;4.6.5&#8243; _module_preset=&#8221;default&#8221; width=&#8221;85%&#8221; max_width=&#8221;85%&#8221; custom_padding=&#8221;0px||||false|false&#8221; global_colors_info=&#8221;{}&#8221;][et_pb_column type=&#8221;1_3&#8243; _builder_version=&#8221;4.6.5&#8243; _module_preset=&#8221;default&#8221; global_colors_info=&#8221;{}&#8221;][et_pb_text ul_type=&#8221;square&#8221; _builder_version=&#8221;4.6.5&#8243; _module_preset=&#8221;default&#8221; text_font=&#8221;Lato||||||||&#8221; text_text_color=&#8221;#00334b&#8221; text_font_size=&#8221;16px&#8221; text_orientation=&#8221;justified&#8221; global_colors_info=&#8221;{}&#8221;]<\/p>\n<ul>\n<li>A<span>ctavis Italy SpA &#8211; Italy<\/span><\/li>\n<li>Agips Farmaceutici Srl &#8211; Italy<\/li>\n<li>Almus (Alliance Healthcare) &#8211; Italy<\/li>\n<li>Amstelfarma \u2013 The Netherlands<\/li>\n<li>Antula Healthcare AB &#8211; Sweden<\/li>\n<li>APR, Applied Pharma Research SA &#8211; Switzerland<\/li>\n<li>CT Laboratories &#8211; Italy<\/li>\n<li>Dr. Reddy\u2019s Laboratories \u2013 India<\/li>\n<li>Edmond Pharma Srl \u2013 Italy<\/li>\n<li>EG Spa, Laboratori Euro Generici \u2013 Italy<\/li>\n<li>Epifarma Srl \u2013 Italy<\/li>\n<li>Erydel SpA &#8211; Italy<\/li>\n<li><span>Formenti (Gr\u00fcnenthal Group) &#8211; Italy<\/span><\/li>\n<li>GSK Italia \u2013 Italy<\/li>\n<li>GSK Spain \u2013 Spain<\/li>\n<\/ul>\n<p><a href=\"http:\/\/www.cosmeticaitalia.it\/\" target=\"_blank\" rel=\"noopener\"><\/a><\/p>\n<p>[\/et_pb_text][\/et_pb_column][et_pb_column type=&#8221;1_3&#8243; _builder_version=&#8221;4.6.5&#8243; _module_preset=&#8221;default&#8221; global_colors_info=&#8221;{}&#8221;][et_pb_text ul_type=&#8221;square&#8221; _builder_version=&#8221;4.6.5&#8243; _module_preset=&#8221;default&#8221; text_font=&#8221;Lato||||||||&#8221; text_text_color=&#8221;#00334b&#8221; text_font_size=&#8221;16px&#8221; text_orientation=&#8221;justified&#8221; custom_margin_tablet=&#8221;&#8221; custom_margin_phone=&#8221;-42px||||false|false&#8221; custom_margin_last_edited=&#8221;on|phone&#8221; custom_padding_tablet=&#8221;&#8221; custom_padding_phone=&#8221;0px||||false|false&#8221; custom_padding_last_edited=&#8221;on|phone&#8221; global_colors_info=&#8221;{}&#8221;]<\/p>\n<ul>\n<li><span style=\"font-size: 16px;\">ICI RENDE Srl &#8211; Italy<\/span><\/li>\n<li>IDA Foundation \u2013 The Netherlands<\/li>\n<li>Italfarmaco SpA \u2013 Italy<\/li>\n<li>Marvecspharma \u2013 Italy<\/li>\n<li>Menarini Srl \u2013 Italy<\/li>\n<li>PHF SA &#8211; Switzerland<\/li>\n<li>Ratiopharm GmbH &#8211; Germany<\/li>\n<li>Rottapharm SpA \u2013 Italy<\/li>\n<li>S&amp;b \/ IBN Savio &#8211; Italy<\/li>\n<li>SF. Group Srl &#8211; Italy<\/li>\n<li>Societ\u00e0 Cooperativa Farmaceutica \u2013 Italy<\/li>\n<li>SPA, Societ\u00e0 Prodotti Antibiotici SpA &#8211; Italy<\/li>\n<li>UNICEF &#8211; Denmark<\/li>\n<\/ul>\n<p><a href=\"http:\/\/www.cosmeticaitalia.it\/\" target=\"_blank\" rel=\"noopener\"><\/a><\/p>\n<p>[\/et_pb_text][\/et_pb_column][et_pb_column type=&#8221;1_3&#8243; _builder_version=&#8221;4.6.5&#8243; _module_preset=&#8221;default&#8221; global_colors_info=&#8221;{}&#8221;][et_pb_image src=&#8221;https:\/\/lfm.it\/wp-content\/uploads\/2021\/07\/LFM_logo-removebg-preview.png&#8221; title_text=&#8221;LFM_logo-removebg-preview&#8221; show_bottom_space=&#8221;off&#8221; align=&#8221;center&#8221; disabled_on=&#8221;on|on|off&#8221; _builder_version=&#8221;4.9.11&#8243; _module_preset=&#8221;default&#8221; width=&#8221;90%&#8221; width_tablet=&#8221;100%&#8221; width_phone=&#8221;100%&#8221; width_last_edited=&#8221;on|phone&#8221; module_alignment=&#8221;center&#8221; custom_margin=&#8221;50px||||false|false&#8221; custom_padding=&#8221;||120px||false|false&#8221; border_radii=&#8221;on|2px|2px|2px|2px&#8221; border_color_bottom=&#8221;#8bb4cf&#8221; global_colors_info=&#8221;{}&#8221;][\/et_pb_image][\/et_pb_column][\/et_pb_row][\/et_pb_section][et_pb_section fb_built=&#8221;1&#8243; _builder_version=&#8221;4.6.5&#8243; _module_preset=&#8221;default&#8221; background_enable_color=&#8221;off&#8221; custom_padding=&#8221;7%||7%||true|false&#8221; top_divider_style=&#8221;mountains&#8221; top_divider_color=&#8221;#ffffff&#8221; top_divider_style_tablet=&#8221;&#8221; top_divider_style_phone=&#8221;none&#8221; top_divider_style_last_edited=&#8221;on|phone&#8221; global_colors_info=&#8221;{}&#8221;][et_pb_row _builder_version=&#8221;4.6.5&#8243; _module_preset=&#8221;default&#8221; width=&#8221;85%&#8221; max_width=&#8221;85%&#8221; global_colors_info=&#8221;{}&#8221;][et_pb_column type=&#8221;4_4&#8243; _builder_version=&#8221;4.6.5&#8243; _module_preset=&#8221;default&#8221; global_colors_info=&#8221;{}&#8221;][et_pb_text _builder_version=&#8221;4.6.5&#8243; _module_preset=&#8221;default&#8221; text_font=&#8221;Lato||||||||&#8221; text_text_color=&#8221;#ffffff&#8221; text_font_size=&#8221;20px&#8221; header_font=&#8221;Lato|700|||||||&#8221; header_text_color=&#8221;#ffffff&#8221; header_font_size=&#8221;45px&#8221; header_2_font=&#8221;Lato|700|||||||&#8221; header_2_text_color=&#8221;#005882&#8243; header_2_font_size=&#8221;35px&#8221; header_text_shadow_style=&#8221;preset3&#8243; header_text_shadow_color=&#8221;rgba(0,88,130,0.68)&#8221; global_colors_info=&#8221;{}&#8221;]<\/p>\n<h2><span>Capacit\u00e0 produttive annuali.<\/span><\/h2>\n<p>[\/et_pb_text][\/et_pb_column][\/et_pb_row][et_pb_row custom_padding_last_edited=&#8221;on|phone&#8221; disabled_on=&#8221;on|off|off&#8221; _builder_version=&#8221;4.6.5&#8243; _module_preset=&#8221;default&#8221; width=&#8221;85%&#8221; max_width=&#8221;85%&#8221; custom_padding=&#8221;0px||||false|false&#8221; custom_padding_tablet=&#8221;|||7%|false|false&#8221; custom_padding_phone=&#8221;0px|||0%|false|false&#8221; global_colors_info=&#8221;{}&#8221;][et_pb_column type=&#8221;4_4&#8243; _builder_version=&#8221;4.6.5&#8243; _module_preset=&#8221;default&#8221; global_colors_info=&#8221;{}&#8221;][et_pb_text ul_type=&#8221;square&#8221; content_tablet=&#8221;<\/p>\n<h3>FOOD AND DIETARY SUPPLEMENTS<\/h3>\n<table width=%22300%22>\n<tbody>\n<tr style=%22background-color: #8bb4cf;%22>\n<td colspan=%222%22 width=%22129%22><strong>Bulk<\/strong><\/td>\n<td colspan=%222%22 width=%22165%22><strong>Finished Product<\/strong><\/td>\n<\/tr>\n<tr>\n<td width=%2255%22><strong>Tablets<\/strong><\/td>\n<td width=%2273%22>400<br \/> Millions<\/td>\n<td width=%2255%22><strong>Packs<\/strong><\/td>\n<td width=%22108%22>1&#8217;200&#8217;000 of 500 cp each<\/td>\n<\/tr>\n<\/tbody>\n<\/table>\n<h2><span style=%22color: #005882; font-size: 20px; font-weight: bold; text-align: left;%22>PHARMA MANUFACTURING<\/span><\/h2>\n<table style=%22width: 312px;%22>\n<tbody>\n<tr style=%22background-color: #8bb4cf;%22>\n<td colspan=%222%22 style=%22width: 160px;%22><strong>Bulk<\/strong><\/td>\n<td colspan=%222%22 style=%22width: 124px;%22><strong>Finished Product <\/strong><\/td>\n<\/tr>\n<tr>\n<td style=%22width: 62.2477px;%22><strong>Tablets<\/strong><\/td>\n<td style=%22width: 97.7523px;%22>300 Millions<\/td>\n<td style=%22width: 63px;%22><strong>No. of Blisters<\/strong><\/td>\n<td style=%22width: 61px;%22>3 Millions<\/td>\n<\/tr>\n<tr>\n<td rowspan=%222%22 style=%22width: 62.2477px;%22><strong>Liquids <\/strong><\/td>\n<td rowspan=%222%22 style=%22width: 97.7523px;%22>2 Millions (10 ml vials)<\/td>\n<td style=%22width: 63px;%22><strong>No. of Bottles<\/strong><\/td>\n<td style=%22width: 61px;%22>500.000<\/td>\n<\/tr>\n<tr>\n<td style=%22width: 63px;%22><strong>Packs<\/strong><\/td>\n<td style=%22width: 61px;%22>2 Millions<\/td>\n<\/tr>\n<tr>\n<td style=%22width: 62.2477px;%22><strong>Injectables<\/strong><\/td>\n<td style=%22width: 97.7523px;%22>Ampoules 7 Millions<\/td>\n<td style=%22width: 63px;%22><strong>Packs<\/strong><\/td>\n<td style=%22width: 61px;%22>6 Millions<\/td>\n<\/tr>\n<\/tbody>\n<\/table>\n<p>&#8221; content_phone=&#8221;<\/p>\n<h3>FOOD AND DIETARY SUPPLEMENTS<\/h3>\n<table width=%22300%22>\n<tbody>\n<tr style=%22background-color: #8bb4cf;%22>\n<td colspan=%222%22 width=%22129%22><strong>Bulk<\/strong><\/td>\n<td colspan=%222%22 width=%22165%22><strong>Finished Product<\/strong><\/td>\n<\/tr>\n<tr>\n<td width=%2255%22><strong>Tablets<\/strong><\/td>\n<td width=%2273%22>400<br \/> Millions<\/td>\n<td width=%2255%22><strong>Packs<\/strong><\/td>\n<td width=%22108%22>1&#8217;200&#8217;000 of 500 cp each<\/td>\n<\/tr>\n<\/tbody>\n<\/table>\n<h2><span style=%22color: #005882; font-size: 20px; font-weight: bold; text-align: left;%22>PHARMA MANUFACTURING<\/span><\/h2>\n<table style=%22width: 312px;%22>\n<tbody>\n<tr style=%22background-color: #8bb4cf;%22>\n<td colspan=%222%22 style=%22width: 160px;%22><strong>Bulk<\/strong><\/td>\n<td colspan=%222%22 style=%22width: 124px;%22><strong>Finished Product <\/strong><\/td>\n<\/tr>\n<tr>\n<td style=%22width: 62.2477px;%22><strong>Tablets<\/strong><\/td>\n<td style=%22width: 97.7523px;%22>300 Millions<\/td>\n<td style=%22width: 63px;%22><strong>No. of Blisters<\/strong><\/td>\n<td style=%22width: 61px;%22>3 Millions<\/td>\n<\/tr>\n<tr>\n<td rowspan=%222%22 style=%22width: 62.2477px;%22><strong>Liquids <\/strong><\/td>\n<td rowspan=%222%22 style=%22width: 97.7523px;%22>2 Millions (10 ml vials)<\/td>\n<td style=%22width: 63px;%22><strong>No. of Bottles<\/strong><\/td>\n<td style=%22width: 61px;%22>500.000<\/td>\n<\/tr>\n<tr>\n<td style=%22width: 63px;%22><strong>Packs<\/strong><\/td>\n<td style=%22width: 61px;%22>2 Millions<\/td>\n<\/tr>\n<tr>\n<td style=%22width: 62.2477px;%22><strong>Injectables<\/strong><\/td>\n<td style=%22width: 97.7523px;%22>Ampoules 7 Millions<\/td>\n<td style=%22width: 63px;%22><strong>Packs<\/strong><\/td>\n<td style=%22width: 61px;%22>6 Millions<\/td>\n<\/tr>\n<\/tbody>\n<\/table>\n<p>&#8221; content_last_edited=&#8221;on|tablet&#8221; _builder_version=&#8221;4.9.11&#8243; _module_preset=&#8221;default&#8221; text_font=&#8221;Lato||||||||&#8221; text_text_color=&#8221;#00334b&#8221; text_font_size=&#8221;16px&#8221; ul_font=&#8221;||||||||&#8221; header_3_font=&#8221;Lato|700|||||||&#8221; header_3_text_align=&#8221;left&#8221; header_3_text_color=&#8221;#005882&#8243; header_3_font_size=&#8221;20px&#8221; header_3_line_height=&#8221;1.7em&#8221; text_orientation=&#8221;justified&#8221; text_font_size_tablet=&#8221;&#8221; text_font_size_phone=&#8221;14px&#8221; text_font_size_last_edited=&#8221;on|phone&#8221; global_colors_info=&#8221;{}&#8221;]<\/p>\n<h3>PHARMA MANUFACTURING<\/h3>\n<table>\n<tbody>\n<tr style=\"background-color: #8bb4cf;\">\n<td colspan=\"2\"><strong>Bulk<\/strong><\/td>\n<td colspan=\"2\"><strong>Finished Product\u00a0<\/strong><\/td>\n<\/tr>\n<tr>\n<td><strong>Tablets<\/strong><\/td>\n<td>300.000.000<\/td>\n<td><strong>No. of Blisters<\/strong><\/td>\n<td>3.000.000<\/td>\n<\/tr>\n<tr>\n<td rowspan=\"2\"><strong>Liquids\u00a0<\/strong><\/td>\n<td rowspan=\"2\">2.000.000 (10 ml vials)<\/td>\n<td><strong>No. of Bottles<\/strong><\/td>\n<td>500.000<\/td>\n<\/tr>\n<tr>\n<td><strong>Packs<\/strong><\/td>\n<td>2.000.000<\/td>\n<\/tr>\n<tr>\n<td><strong>Injectables<\/strong><\/td>\n<td>Ampoules 7.000.000<\/td>\n<td><strong>Packs<\/strong><\/td>\n<td>6.000.000<\/td>\n<\/tr>\n<\/tbody>\n<\/table>\n<p>[\/et_pb_text][\/et_pb_column][\/et_pb_row][et_pb_row custom_padding_last_edited=&#8221;on|phone&#8221; disabled_on=&#8221;off|on|on&#8221; _builder_version=&#8221;4.6.5&#8243; _module_preset=&#8221;default&#8221; width=&#8221;85%&#8221; max_width=&#8221;85%&#8221; custom_padding=&#8221;0px||||false|false&#8221; custom_padding_tablet=&#8221;|||7%|false|false&#8221; custom_padding_phone=&#8221;0px|||0%|false|false&#8221; global_colors_info=&#8221;{}&#8221;][et_pb_column type=&#8221;4_4&#8243; _builder_version=&#8221;4.6.5&#8243; _module_preset=&#8221;default&#8221; global_colors_info=&#8221;{}&#8221;][et_pb_text ul_type=&#8221;square&#8221; content_tablet=&#8221;&#8221; content_phone=&#8221;<\/p>\n<h3>FOOD AND DIETARY SUPPLEMENTS<\/h3>\n<table width=%22300%22>\n<tbody>\n<tr style=%22background-color: #8bb4cf;%22>\n<td colspan=%224%22 width=%22129%22><strong>Bulk<\/strong><\/td>\n<\/tr>\n<tr>\n<td width=%2255%22><strong>Tablets<\/strong><\/td>\n<td width=%2273%22>400<br \/> Millions<\/td>\n<\/tr>\n<\/tbody>\n<\/table>\n<table width=%22300%22>\n<tbody>\n<tr style=%22background-color: #8bb4cf;%22>\n<td colspan=%224%22 width=%22165%22><strong>Finished Product<\/strong><\/td>\n<\/tr>\n<tr>\n<td width=%2255%22><strong>Packs<\/strong><\/td>\n<td width=%22108%22>1&#8217;200&#8217;000 of 500 cp each<\/td>\n<\/tr>\n<\/tbody>\n<\/table>\n<h2><span style=%22color: #005882; font-size: 20px; font-weight: bold; text-align: left;%22>PHARMA MANUFACTURING<\/span><\/h2>\n<table style=%22width: 300;%22>\n<tbody>\n<tr style=%22background-color: #8bb4cf;%22>\n<td colspan=%224%22 style=%22width: 160px;%22><strong>Bulk<\/strong><\/td>\n<\/tr>\n<tr>\n<td style=%22width: 62.2477px;%22><strong>Tablets<\/strong><\/td>\n<td style=%22width: 97.7523px;%22>300 Millions<\/td>\n<\/tr>\n<tr>\n<td rowspan=%222%22 style=%22width: 62.2477px;%22><strong>Liquids <\/strong><\/td>\n<td rowspan=%222%22 style=%22width: 97.7523px;%22>2 Millions (10 ml vials)<\/td>\n<\/tr>\n<tr><\/tr>\n<tr>\n<td style=%22width: 62.2477px;%22><strong>Injectables<\/strong><\/td>\n<td style=%22width: 97.7523px;%22>Ampoules 7 Millions<\/td>\n<\/tr>\n<\/tbody>\n<\/table>\n<table style=%22width: 300;%22>\n<tbody>\n<tr style=%22background-color: #8bb4cf;%22>\n<td colspan=%224%22 style=%22width: 124px;%22><strong>Finished Product <\/strong><\/td>\n<\/tr>\n<tr>\n<td style=%22width: 63px;%22><strong>No. of Blisters<\/strong><\/td>\n<td style=%22width: 61px;%22>3 Millions<\/td>\n<\/tr>\n<tr>\n<td style=%22width: 63px;%22><strong>No. of Bottles<\/strong><\/td>\n<td style=%22width: 61px;%22>500.000<\/td>\n<\/tr>\n<tr>\n<td style=%22width: 63px;%22><strong>Packs<\/strong><\/td>\n<td style=%22width: 61px;%22>2 Millions<\/td>\n<\/tr>\n<tr>\n<td style=%22width: 63px;%22><strong>Packs<\/strong><\/td>\n<td style=%22width: 61px;%22>6 Millions<\/td>\n<\/tr>\n<\/tbody>\n<\/table>\n<p>&#8221; content_last_edited=&#8221;on|phone&#8221; _builder_version=&#8221;4.9.11&#8243; _module_preset=&#8221;default&#8221; text_font=&#8221;Lato||||||||&#8221; text_text_color=&#8221;#00334b&#8221; text_font_size=&#8221;16px&#8221; ul_font=&#8221;||||||||&#8221; header_3_font=&#8221;Lato|700|||||||&#8221; header_3_text_align=&#8221;left&#8221; header_3_text_color=&#8221;#005882&#8243; header_3_font_size=&#8221;20px&#8221; header_3_line_height=&#8221;1.7em&#8221; text_orientation=&#8221;justified&#8221; text_font_size_tablet=&#8221;&#8221; text_font_size_phone=&#8221;14px&#8221; text_font_size_last_edited=&#8221;on|phone&#8221; global_colors_info=&#8221;{}&#8221;]<\/p>\n<h3>PHARMA MANUFACTURING<\/h3>\n<table>\n<tbody>\n<tr style=\"background-color: #8bb4cf;\">\n<td colspan=\"2\"><strong>Bulk<\/strong><\/td>\n<td colspan=\"2\"><strong>Finished Product\u00a0<\/strong><\/td>\n<\/tr>\n<tr>\n<td><strong>Tablets<\/strong><\/td>\n<td>300.000.000<\/td>\n<td><strong>No. of Blisters<\/strong><\/td>\n<td>3.000.000<\/td>\n<\/tr>\n<tr>\n<td rowspan=\"2\"><strong>Liquids\u00a0<\/strong><\/td>\n<td rowspan=\"2\">2.000.000 (10 ml vials)<\/td>\n<td><strong>No. of Bottles<\/strong><\/td>\n<td>500.000<\/td>\n<\/tr>\n<tr>\n<td><strong>Packs<\/strong><\/td>\n<td>2.000.000<\/td>\n<\/tr>\n<tr>\n<td><strong>Injectables<\/strong><\/td>\n<td>Ampoules 7.000.000<\/td>\n<td><strong>Packs<\/strong><\/td>\n<td>6.000.000<\/td>\n<\/tr>\n<\/tbody>\n<\/table>\n<p>[\/et_pb_text][\/et_pb_column][\/et_pb_row][\/et_pb_section]<\/p>\n","protected":false},"excerpt":{"rendered":"<p>Laboratorio Farmacologico MilaneseLaboratorio Farmacologico MilaneseServizi conto terzi.LFM sviluppa e produce per conto terzi farmaci, prodotti cosmetici e M.D. Nello specifico si occupa di: Caratterizzazione principio attivo Preparazione pilot batches Preparazione scale-up batches Sviluppo analitico Convalida metodiche analitiche Convalida metodica di fabbricazione Studi di stabilit\u00e0 in accordo con standard\u00a0ICH Redazione dossier CTD parte 3 \u2013 notifica [&hellip;]<\/p>\n","protected":false},"author":1,"featured_media":0,"parent":0,"menu_order":0,"comment_status":"closed","ping_status":"closed","template":"","meta":{"_acf_changed":false,"_et_pb_use_builder":"on","_et_pb_old_content":"<!-- wp:divi\/placeholder \/-->","_et_gb_content_width":"","_monsterinsights_skip_tracking":false,"_monsterinsights_sitenote_active":false,"_monsterinsights_sitenote_note":"","_monsterinsights_sitenote_category":0,"footnotes":""},"class_list":["post-18","page","type-page","status-publish","hentry"],"acf":[],"_links":{"self":[{"href":"https:\/\/lfm.it\/eng\/wp-json\/wp\/v2\/pages\/18","targetHints":{"allow":["GET"]}}],"collection":[{"href":"https:\/\/lfm.it\/eng\/wp-json\/wp\/v2\/pages"}],"about":[{"href":"https:\/\/lfm.it\/eng\/wp-json\/wp\/v2\/types\/page"}],"author":[{"embeddable":true,"href":"https:\/\/lfm.it\/eng\/wp-json\/wp\/v2\/users\/1"}],"replies":[{"embeddable":true,"href":"https:\/\/lfm.it\/eng\/wp-json\/wp\/v2\/comments?post=18"}],"version-history":[{"count":32,"href":"https:\/\/lfm.it\/eng\/wp-json\/wp\/v2\/pages\/18\/revisions"}],"predecessor-version":[{"id":1819,"href":"https:\/\/lfm.it\/eng\/wp-json\/wp\/v2\/pages\/18\/revisions\/1819"}],"wp:attachment":[{"href":"https:\/\/lfm.it\/eng\/wp-json\/wp\/v2\/media?parent=18"}],"curies":[{"name":"wp","href":"https:\/\/api.w.org\/{rel}","templated":true}]}}