{"id":14,"date":"2021-07-29T16:21:43","date_gmt":"2021-07-29T16:21:43","guid":{"rendered":"https:\/\/lfmtest.red-apple.it?page_id=14"},"modified":"2026-03-05T15:28:01","modified_gmt":"2026-03-05T15:28:01","slug":"azienda","status":"publish","type":"page","link":"https:\/\/lfm.it\/eng\/azienda\/","title":{"rendered":"COMPANY"},"content":{"rendered":"<p>[et_pb_section fb_built=&#8221;1&#8243; _builder_version=&#8221;4.16&#8243; _module_preset=&#8221;default&#8221; custom_padding=&#8221;0px||0px||true|false&#8221; global_colors_info=&#8221;{}&#8221;][et_pb_row _builder_version=&#8221;4.16&#8243; _module_preset=&#8221;default&#8221; width=&#8221;100%&#8221; max_width=&#8221;100%&#8221; custom_padding=&#8221;0px||0px||true|false&#8221; global_colors_info=&#8221;{}&#8221;][et_pb_column type=&#8221;4_4&#8243; _builder_version=&#8221;4.16&#8243; _module_preset=&#8221;default&#8221; global_colors_info=&#8221;{}&#8221;][et_pb_slider show_pagination=&#8221;off&#8221; arrows_custom_color=&#8221;#005882&#8243; dot_nav_custom_color=&#8221;#005882&#8243; _builder_version=&#8221;4.16&#8243; _module_preset=&#8221;default&#8221; header_font=&#8221;Lato|700|||||||&#8221; header_text_align=&#8221;left&#8221; header_text_color=&#8221;#005882&#8243; header_font_size=&#8221;55px&#8221; body_font=&#8221;Lato||||||||&#8221; body_text_align=&#8221;left&#8221; body_text_color=&#8221;#005882&#8243; body_font_size=&#8221;22px&#8221; background_image=&#8221;https:\/\/lfm.it\/wp-content\/uploads\/2021\/08\/CHISIAMO.jpg&#8221; custom_padding=&#8221;135px||||false|false&#8221; custom_padding_tablet=&#8221;100px||130px||false|false&#8221; custom_padding_phone=&#8221;&#8221; custom_padding_last_edited=&#8221;on|phone&#8221; auto=&#8221;on&#8221; header_font_size_tablet=&#8221;48px&#8221; header_font_size_phone=&#8221;32px&#8221; header_font_size_last_edited=&#8221;on|phone&#8221; body_font_size_tablet=&#8221;&#8221; body_font_size_phone=&#8221;18px&#8221; body_font_size_last_edited=&#8221;on|phone&#8221; global_colors_info=&#8221;{}&#8221;][et_pb_slide heading=&#8221;Chi Siamo&#8221; _builder_version=&#8221;4.16&#8243; _module_preset=&#8221;default&#8221; header_font=&#8221;Lato||||||||&#8221; background_enable_color=&#8221;off&#8221; use_background_color_gradient=&#8221;on&#8221; background_color_gradient_direction=&#8221;97deg&#8221; background_color_gradient_stops=&#8221;rgba(255,255,255,0.99) 22%|rgba(0,0,0,0) 100%&#8221; background_color_gradient_overlays_image=&#8221;on&#8221; background_color_gradient_start=&#8221;rgba(255,255,255,0.99)&#8221; background_color_gradient_start_position=&#8221;22%&#8221; background_color_gradient_end=&#8221;rgba(0,0,0,0)&#8221; background_image=&#8221;https:\/\/lfm.it\/wp-content\/uploads\/2021\/08\/CHISIAMO.jpg&#8221; background_enable_image=&#8221;on&#8221; custom_padding=&#8221;||||false|false&#8221; background_last_edited=&#8221;off|desktop&#8221; background_size_tablet=&#8221;cover&#8221; global_colors_info=&#8221;{}&#8221; sticky_transition=&#8221;on&#8221;]<\/p>\n<p>Laboratorio Farmacologico Milanese<\/p>\n<p>[\/et_pb_slide][et_pb_slide heading=&#8221;Chi Siamo&#8221; _builder_version=&#8221;4.16&#8243; _module_preset=&#8221;default&#8221; header_font=&#8221;Lato||||||||&#8221; background_enable_color=&#8221;off&#8221; use_background_color_gradient=&#8221;on&#8221; background_color_gradient_direction=&#8221;97deg&#8221; background_color_gradient_stops=&#8221;rgba(255,255,255,0.99) 22%|rgba(0,0,0,0) 100%&#8221; background_color_gradient_overlays_image=&#8221;on&#8221; background_color_gradient_start=&#8221;rgba(255,255,255,0.99)&#8221; background_color_gradient_start_position=&#8221;22%&#8221; background_color_gradient_end=&#8221;rgba(0,0,0,0)&#8221; background_image=&#8221;https:\/\/lfm.it\/wp-content\/uploads\/2021\/08\/CHISIAMO.jpg&#8221; background_enable_image=&#8221;on&#8221; custom_padding=&#8221;||||false|false&#8221; background_last_edited=&#8221;off|desktop&#8221; background_size_tablet=&#8221;cover&#8221; global_colors_info=&#8221;{}&#8221; sticky_transition=&#8221;on&#8221;]<\/p>\n<p>Laboratorio Farmacologico Milanese<\/p>\n<p>[\/et_pb_slide][\/et_pb_slider][\/et_pb_column][\/et_pb_row][\/et_pb_section][et_pb_section fb_built=&#8221;1&#8243; _builder_version=&#8221;4.16&#8243; _module_preset=&#8221;default&#8221; background_enable_color=&#8221;off&#8221; custom_padding=&#8221;8%||6%||false|false&#8221; top_divider_style=&#8221;mountains&#8221; top_divider_color=&#8221;#ffffff&#8221; top_divider_style_tablet=&#8221;&#8221; top_divider_style_phone=&#8221;none&#8221; top_divider_style_last_edited=&#8221;on|phone&#8221; global_colors_info=&#8221;{}&#8221;][et_pb_row _builder_version=&#8221;4.16&#8243; _module_preset=&#8221;default&#8221; width=&#8221;85%&#8221; max_width=&#8221;85%&#8221; global_colors_info=&#8221;{}&#8221;][et_pb_column type=&#8221;4_4&#8243; _builder_version=&#8221;4.16&#8243; _module_preset=&#8221;default&#8221; global_colors_info=&#8221;{}&#8221;][et_pb_text _builder_version=&#8221;4.16&#8243; _module_preset=&#8221;default&#8221; text_font=&#8221;Lato||||||||&#8221; text_text_color=&#8221;#ffffff&#8221; text_font_size=&#8221;20px&#8221; header_font=&#8221;Lato|700|||||||&#8221; header_text_color=&#8221;#ffffff&#8221; header_font_size=&#8221;45px&#8221; header_2_font=&#8221;Lato|700|||||||&#8221; header_2_text_color=&#8221;#005882&#8243; header_2_font_size=&#8221;35px&#8221; header_text_shadow_style=&#8221;preset3&#8243; header_text_shadow_color=&#8221;rgba(0,88,130,0.68)&#8221; global_colors_info=&#8221;{}&#8221;]<\/p>\n<h2><strong>Settori di attivit\u00e0.<\/strong><\/h2>\n<p>[\/et_pb_text][\/et_pb_column][\/et_pb_row][et_pb_row column_structure=&#8221;1_2,1_2&#8243; _builder_version=&#8221;4.16&#8243; _module_preset=&#8221;default&#8221; width=&#8221;85%&#8221; max_width=&#8221;85%&#8221; custom_padding=&#8221;0px||||false|false&#8221; global_colors_info=&#8221;{}&#8221;][et_pb_column type=&#8221;1_2&#8243; _builder_version=&#8221;4.16&#8243; _module_preset=&#8221;default&#8221; global_colors_info=&#8221;{}&#8221;][et_pb_text _builder_version=&#8221;4.16&#8243; _module_preset=&#8221;default&#8221; text_font=&#8221;Lato||||||||&#8221; text_text_color=&#8221;#00334b&#8221; text_font_size=&#8221;16px&#8221; text_orientation=&#8221;justified&#8221; global_colors_info=&#8221;{}&#8221;]<\/p>\n<p><span>LFM \u00e8 operativa con un Sistema di Gestione della Qualit\u00e0 sviluppato per essere cogente a quanto richiesto sia dalle Norme di Buona Fabbricazione (GMP) per la produzione farmaceutica, sia dalle norme relative alla produzione di dispositivi medici, integratori alimentari e cosmetici ed \u00e8 allineata a quanto previsto dalle norme ISO 9001 e ISO 13485.<\/span><\/p>\n<p><span>L\u2019attuale societ\u00e0 prende forma nel 1981 con la fusione tra i Laboratori Farmaceutici Valman, fondati a Sesto S. Giovanni da Valeria e Manlio Businelli nella met\u00e0 degli anni \u201950, e il Laboratorio Farmacologico Milanese, gi\u00e0 insediato a Caronno Pertusella nell\u2019attuale sede, mantenendo la denominazione di quest\u2019ultimo. A oggi LFM dispone di una struttura di 7100 mq in cui lavorano pi\u00f9 di 85 dipendenti. La propriet\u00e0 segue direttamente la gestione aziendale.<\/span><\/p>\n<p><a href=\"http:\/\/www.cosmeticaitalia.it\/\" target=\"_blank\" rel=\"noopener\"><\/a><\/p>\n<p>[\/et_pb_text][\/et_pb_column][et_pb_column type=&#8221;1_2&#8243; _builder_version=&#8221;4.16&#8243; _module_preset=&#8221;default&#8221; global_colors_info=&#8221;{}&#8221;][et_pb_text ul_type=&#8221;square&#8221; _builder_version=&#8221;4.16&#8243; _module_preset=&#8221;default&#8221; text_font=&#8221;Lato||||||||&#8221; text_text_color=&#8221;#00334b&#8221; text_font_size=&#8221;16px&#8221; text_orientation=&#8221;justified&#8221; ul_text_align_tablet=&#8221;&#8221; ul_text_align_phone=&#8221;justify&#8221; ul_text_align_last_edited=&#8221;on|phone&#8221; global_colors_info=&#8221;{}&#8221;]<\/p>\n<ul>\n<li><strong>MEDICINALI<\/strong>: sia a marchio che equivalenti (ex generici), commercializzati sia in Italia che all\u2019estero. L\u2019azienda produce anche per conto terzi ed \u00e8 autorizzata a produrre farmaci per sperimentazione clinica con tossicit\u00e0 nota sull\u2019uomo per le fasi II, III e IV.\n<\/li>\n<li><strong>ALIMENTARI \u2013 INTEGRATORI ALIMENTARI<\/strong>: produzione in compresse, sia a marchio proprio sia\u00a0per conto terzi.\n<\/li>\n<li><strong>MEDICAL DEVICE<\/strong>: produzione e commercializzazione.\n<\/li>\n<li><strong>COSMECEUTICI<\/strong>: sviluppo e commercializzazione di prodotti a marchio.<\/li>\n<\/ul>\n<p>[\/et_pb_text][\/et_pb_column][\/et_pb_row][et_pb_row column_structure=&#8221;1_3,1_3,1_3&#8243; _builder_version=&#8221;4.16&#8243; _module_preset=&#8221;default&#8221; width=&#8221;85%&#8221; max_width=&#8221;85%&#8221; global_colors_info=&#8221;{}&#8221;][et_pb_column type=&#8221;1_3&#8243; _builder_version=&#8221;4.16&#8243; _module_preset=&#8221;default&#8221; global_colors_info=&#8221;{}&#8221;][et_pb_text _builder_version=&#8221;4.16&#8243; _module_preset=&#8221;default&#8221; header_3_font=&#8221;Lato||||||||&#8221; header_3_text_color=&#8221;#005882&#8243; global_colors_info=&#8221;{}&#8221;]<\/p>\n<h3 style=\"text-align: center;\"><strong>Associata Egualia<\/strong><span><br \/><\/span><a href=\"https:\/\/egualia.it\">www.egualia.it<\/a><\/h3>\n<p>[\/et_pb_text][\/et_pb_column][et_pb_column type=&#8221;1_3&#8243; _builder_version=&#8221;4.16&#8243; _module_preset=&#8221;default&#8221; global_colors_info=&#8221;{}&#8221;][et_pb_text _builder_version=&#8221;4.16&#8243; _module_preset=&#8221;default&#8221; header_3_font=&#8221;Lato||||||||&#8221; header_3_text_color=&#8221;#005882&#8243; global_colors_info=&#8221;{}&#8221;]<\/p>\n<h3 style=\"text-align: center;\"><strong>Associata Assinde<\/strong> <br \/><a href=\"http:\/\/www.assinde.it\">www.assinde.it<\/a><\/h3>\n<p>[\/et_pb_text][\/et_pb_column][et_pb_column type=&#8221;1_3&#8243; _builder_version=&#8221;4.16&#8243; _module_preset=&#8221;default&#8221; global_colors_info=&#8221;{}&#8221;][et_pb_text _builder_version=&#8221;4.16&#8243; _module_preset=&#8221;default&#8221; header_3_font=&#8221;Lato||||||||&#8221; header_3_text_color=&#8221;#005882&#8243; global_colors_info=&#8221;{}&#8221;]<\/p>\n<h3 style=\"text-align: center;\"><strong>Associata Cosmetica Italia<br \/><\/strong> <a href=\"http:\/\/www.cosmeticaitalia.it\">www.cosmeticaitalia.it<\/a><\/h3>\n<p>[\/et_pb_text][\/et_pb_column][\/et_pb_row][\/et_pb_section][et_pb_section fb_built=&#8221;1&#8243; _builder_version=&#8221;4.16&#8243; _module_preset=&#8221;default&#8221; background_color=&#8221;#efefef&#8221; custom_padding=&#8221;7%||7%||true|false&#8221; top_divider_color=&#8221;#ffffff&#8221; top_divider_style_phone=&#8221;none&#8221; top_divider_style_last_edited=&#8221;off|desktop&#8221; global_colors_info=&#8221;{}&#8221;][et_pb_row _builder_version=&#8221;4.16&#8243; _module_preset=&#8221;default&#8221; width=&#8221;85%&#8221; max_width=&#8221;85%&#8221; global_colors_info=&#8221;{}&#8221;][et_pb_column type=&#8221;4_4&#8243; _builder_version=&#8221;4.16&#8243; _module_preset=&#8221;default&#8221; global_colors_info=&#8221;{}&#8221;][et_pb_text _builder_version=&#8221;4.16&#8243; _module_preset=&#8221;default&#8221; text_font=&#8221;Lato||||||||&#8221; text_text_color=&#8221;#ffffff&#8221; text_font_size=&#8221;20px&#8221; header_font=&#8221;Lato|700|||||||&#8221; header_text_color=&#8221;#ffffff&#8221; header_font_size=&#8221;45px&#8221; header_2_font=&#8221;Lato|700|||||||&#8221; header_2_text_color=&#8221;#005882&#8243; header_2_font_size=&#8221;35px&#8221; header_text_shadow_style=&#8221;preset3&#8243; header_text_shadow_color=&#8221;rgba(0,88,130,0.68)&#8221; global_colors_info=&#8221;{}&#8221;]<\/p>\n<h2>Linee Guida LEAN<\/h2>\n<p>[\/et_pb_text][\/et_pb_column][\/et_pb_row][et_pb_row column_structure=&#8221;1_2,1_2&#8243; _builder_version=&#8221;4.16&#8243; _module_preset=&#8221;default&#8221; width=&#8221;85%&#8221; max_width=&#8221;85%&#8221; custom_padding=&#8221;0px||||false|false&#8221; global_colors_info=&#8221;{}&#8221;][et_pb_column type=&#8221;1_2&#8243; _builder_version=&#8221;4.16&#8243; _module_preset=&#8221;default&#8221; global_colors_info=&#8221;{}&#8221;][et_pb_text _builder_version=&#8221;4.16&#8243; _module_preset=&#8221;default&#8221; text_font=&#8221;Lato||||||||&#8221; text_text_color=&#8221;#00334b&#8221; text_font_size=&#8221;16px&#8221; link_font=&#8221;|600|||||||&#8221; link_text_color=&#8221;#6ca8cc&#8221; text_orientation=&#8221;justified&#8221; global_colors_info=&#8221;{}&#8221;]<\/p>\n<p>A partire dal 2014 LFM ha adottato la filosofia<span>\u00a0<\/span><em>Lean<\/em><span>\u00a0<\/span>con l\u2019obiettivo di minimizzare gli sprechi, ottimizzare i processi produttivi e tutti i flussi lavorativi di ciascun collaboratore valorizzandone le competenze.<\/p>\n<p>Avvalendosi dell\u2019aiuto del<span>\u00a0<\/span><a href=\"http:\/\/www.lean-institute.it\/\" target=\"_blank\" rel=\"noopener\">Lean Institute<\/a>, LFM ha ripercorso e analizzato i propri flussi di lavoro identificando le fonti di spreco, ha implementato attivit\u00e0 di monitoraggio, di collezione dei dati e valutazione degli stessi tramite l\u2019aggiunta di indicatori di performance (KPI).<\/p>\n<p>Sfruttando il<span>\u00a0<\/span><em>Lean\u00a0<\/em>e il sistematico processo migliorativo che questo comporta, LFM mira a snellire le proprie attivit\u00e0 cos\u00ec da essere competitiva, innovativa e poter soddisfare le attese attuali e future dei clienti.<\/p>\n<p><a href=\"http:\/\/www.cosmeticaitalia.it\/\" target=\"_blank\" rel=\"noopener\"><\/a><\/p>\n<p>[\/et_pb_text][\/et_pb_column][et_pb_column type=&#8221;1_2&#8243; _builder_version=&#8221;4.16&#8243; _module_preset=&#8221;default&#8221; global_colors_info=&#8221;{}&#8221;][et_pb_image src=&#8221;https:\/\/lfm.it\/wp-content\/uploads\/2021\/09\/provette.jpg&#8221; title_text=&#8221;provette&#8221; align=&#8221;center&#8221; _builder_version=&#8221;4.16&#8243; _module_preset=&#8221;default&#8221; width=&#8221;90%&#8221; width_tablet=&#8221;100%&#8221; width_phone=&#8221;100%&#8221; width_last_edited=&#8221;on|phone&#8221; module_alignment=&#8221;center&#8221; border_radii=&#8221;on|2px|2px|2px|2px&#8221; border_color_bottom=&#8221;#8bb4cf&#8221; box_shadow_style=&#8221;preset3&#8243; global_colors_info=&#8221;{}&#8221;][\/et_pb_image][\/et_pb_column][\/et_pb_row][\/et_pb_section]<\/p>\n","protected":false},"excerpt":{"rendered":"<p>Laboratorio Farmacologico MilaneseLaboratorio Farmacologico MilaneseSettori di attivit\u00e0.LFM \u00e8 operativa con un Sistema di Gestione della Qualit\u00e0 sviluppato per essere cogente a quanto richiesto sia dalle Norme di Buona Fabbricazione (GMP) per la produzione farmaceutica, sia dalle norme relative alla produzione di dispositivi medici, integratori alimentari e cosmetici ed \u00e8 allineata a quanto previsto dalle norme [&hellip;]<\/p>\n","protected":false},"author":1,"featured_media":0,"parent":0,"menu_order":0,"comment_status":"closed","ping_status":"closed","template":"","meta":{"_acf_changed":false,"_et_pb_use_builder":"on","_et_pb_old_content":"<!-- wp:divi\/placeholder \/-->","_et_gb_content_width":"","_monsterinsights_skip_tracking":false,"_monsterinsights_sitenote_active":false,"_monsterinsights_sitenote_note":"","_monsterinsights_sitenote_category":0,"footnotes":""},"class_list":["post-14","page","type-page","status-publish","hentry"],"acf":[],"_links":{"self":[{"href":"https:\/\/lfm.it\/eng\/wp-json\/wp\/v2\/pages\/14","targetHints":{"allow":["GET"]}}],"collection":[{"href":"https:\/\/lfm.it\/eng\/wp-json\/wp\/v2\/pages"}],"about":[{"href":"https:\/\/lfm.it\/eng\/wp-json\/wp\/v2\/types\/page"}],"author":[{"embeddable":true,"href":"https:\/\/lfm.it\/eng\/wp-json\/wp\/v2\/users\/1"}],"replies":[{"embeddable":true,"href":"https:\/\/lfm.it\/eng\/wp-json\/wp\/v2\/comments?post=14"}],"version-history":[{"count":35,"href":"https:\/\/lfm.it\/eng\/wp-json\/wp\/v2\/pages\/14\/revisions"}],"predecessor-version":[{"id":1981,"href":"https:\/\/lfm.it\/eng\/wp-json\/wp\/v2\/pages\/14\/revisions\/1981"}],"wp:attachment":[{"href":"https:\/\/lfm.it\/eng\/wp-json\/wp\/v2\/media?parent=14"}],"curies":[{"name":"wp","href":"https:\/\/api.w.org\/{rel}","templated":true}]}}